{"id":1440,"date":"2015-10-28T16:59:53","date_gmt":"2015-10-28T15:59:53","guid":{"rendered":"http:\/\/futbolsiete.eu\/wp-content\/uploads\/2015\/10\/18651943111_aaf800909c_b.jpg"},"modified":"2015-10-28T16:59:53","modified_gmt":"2015-10-28T15:59:53","slug":"18651943111_aaf800909c_b","status":"inherit","type":"attachment","link":"https:\/\/futbolsiete.eu\/en\/18651943111_aaf800909c_b\/","title":{"rendered":"Video futbol 7 partido Final Nacional Danone Nations Cup 2015"},"author":1,"featured_media":0,"comment_status":"open","ping_status":"closed","template":"","meta":{"cybocfi_hide_featured_image":""},"class_list":["post-1440","attachment","type-attachment","status-inherit","hentry"],"yoast_head":"<!-- This site is optimized with the Yoast SEO plugin v23.1 - https:\/\/yoast.com\/wordpress\/plugins\/seo\/ -->\n<title>Video futbol 7 partido Final Nacional Danone Nations Cup 2015 - FutbolSiete.eu<\/title>\n<meta name=\"robots\" content=\"index, follow, max-snippet:-1, max-image-preview:large, max-video-preview:-1\" \/>\n<link rel=\"canonical\" href=\"https:\/\/futbolsiete.eu\/wp-content\/uploads\/2015\/10\/18651943111_aaf800909c_b.jpg\" \/>\n<meta property=\"og:locale\" content=\"en_US\" \/>\n<meta property=\"og:type\" content=\"article\" \/>\n<meta property=\"og:title\" content=\"Video futbol 7 partido Final Nacional Danone Nations Cup 2015 - FutbolSiete.eu\" \/>\n<meta property=\"og:description\" content=\"Video futbol 7 partido Final Nacional Danone Nations Cup 2015\" \/>\n<meta property=\"og:url\" content=\"https:\/\/futbolsiete.eu\/wp-content\/uploads\/2015\/10\/18651943111_aaf800909c_b.jpg\" \/>\n<meta property=\"og:site_name\" content=\"FutbolSiete.eu\" \/>\n<meta property=\"og:image\" content=\"https:\/\/futbolsiete.eu\/wp-content\/uploads\/2015\/10\/18651943111_aaf800909c_b.jpg\" \/>\n\t<meta property=\"og:image:width\" content=\"1024\" \/>\n\t<meta property=\"og:image:height\" content=\"683\" \/>\n\t<meta property=\"og:image:type\" content=\"image\/jpeg\" \/>\n<meta name=\"twitter:card\" content=\"summary_large_image\" \/>\n<script type=\"application\/ld+json\" class=\"yoast-schema-graph\">{\"@context\":\"https:\/\/schema.org\",\"@graph\":[{\"@type\":\"WebPage\",\"@id\":\"https:\/\/futbolsiete.eu\/wp-content\/uploads\/2015\/10\/18651943111_aaf800909c_b.jpg\",\"url\":\"https:\/\/futbolsiete.eu\/wp-content\/uploads\/2015\/10\/18651943111_aaf800909c_b.jpg\",\"name\":\"Video futbol 7 partido Final Nacional Danone Nations Cup 2015 - FutbolSiete.eu\",\"isPartOf\":{\"@id\":\"https:\/\/futbolsiete.eu\/#website\"},\"datePublished\":\"2015-10-28T15:59:53+00:00\",\"dateModified\":\"2015-10-28T15:59:53+00:00\",\"breadcrumb\":{\"@id\":\"https:\/\/futbolsiete.eu\/wp-content\/uploads\/2015\/10\/18651943111_aaf800909c_b.jpg#breadcrumb\"},\"inLanguage\":\"en-US\",\"potentialAction\":[{\"@type\":\"ReadAction\",\"target\":[\"https:\/\/futbolsiete.eu\/wp-content\/uploads\/2015\/10\/18651943111_aaf800909c_b.jpg\"]}]},{\"@type\":\"BreadcrumbList\",\"@id\":\"https:\/\/futbolsiete.eu\/wp-content\/uploads\/2015\/10\/18651943111_aaf800909c_b.jpg#breadcrumb\",\"itemListElement\":[{\"@type\":\"ListItem\",\"position\":1,\"name\":\"Portada\",\"item\":\"https:\/\/futbolsiete.eu\/en\/football-training-soccer-drills\/\"},{\"@type\":\"ListItem\",\"position\":2,\"name\":\"Video futbol 7 partido Final Nacional Danone Nations Cup 2015\"}]},{\"@type\":\"WebSite\",\"@id\":\"https:\/\/futbolsiete.eu\/#website\",\"url\":\"https:\/\/futbolsiete.eu\/\",\"name\":\"FutbolSiete.eu\",\"description\":\"Entrenamientos, art\u00edculos y recursos para el entrenador y monitor de f\u00fatbol base. F\u00fatbol y F\u00fatbol 7.\",\"potentialAction\":[{\"@type\":\"SearchAction\",\"target\":{\"@type\":\"EntryPoint\",\"urlTemplate\":\"https:\/\/futbolsiete.eu\/?s={search_term_string}\"},\"query-input\":\"required name=search_term_string\"}],\"inLanguage\":\"en-US\"}]}<\/script>\n<!-- \/ Yoast SEO plugin. -->","yoast_head_json":{"title":"Video futbol 7 partido Final Nacional Danone Nations Cup 2015 - FutbolSiete.eu","robots":{"index":"index","follow":"follow","max-snippet":"max-snippet:-1","max-image-preview":"max-image-preview:large","max-video-preview":"max-video-preview:-1"},"canonical":"https:\/\/futbolsiete.eu\/wp-content\/uploads\/2015\/10\/18651943111_aaf800909c_b.jpg","og_locale":"en_US","og_type":"article","og_title":"Video futbol 7 partido Final Nacional Danone Nations Cup 2015 - FutbolSiete.eu","og_description":"Video futbol 7 partido Final Nacional Danone Nations Cup 2015","og_url":"https:\/\/futbolsiete.eu\/wp-content\/uploads\/2015\/10\/18651943111_aaf800909c_b.jpg","og_site_name":"FutbolSiete.eu","og_image":[{"width":1024,"height":683,"url":"https:\/\/futbolsiete.eu\/wp-content\/uploads\/2015\/10\/18651943111_aaf800909c_b.jpg","type":"image\/jpeg"}],"twitter_card":"summary_large_image","schema":{"@context":"https:\/\/schema.org","@graph":[{"@type":"WebPage","@id":"https:\/\/futbolsiete.eu\/wp-content\/uploads\/2015\/10\/18651943111_aaf800909c_b.jpg","url":"https:\/\/futbolsiete.eu\/wp-content\/uploads\/2015\/10\/18651943111_aaf800909c_b.jpg","name":"Video futbol 7 partido Final Nacional Danone Nations Cup 2015 - FutbolSiete.eu","isPartOf":{"@id":"https:\/\/futbolsiete.eu\/#website"},"datePublished":"2015-10-28T15:59:53+00:00","dateModified":"2015-10-28T15:59:53+00:00","breadcrumb":{"@id":"https:\/\/futbolsiete.eu\/wp-content\/uploads\/2015\/10\/18651943111_aaf800909c_b.jpg#breadcrumb"},"inLanguage":"en-US","potentialAction":[{"@type":"ReadAction","target":["https:\/\/futbolsiete.eu\/wp-content\/uploads\/2015\/10\/18651943111_aaf800909c_b.jpg"]}]},{"@type":"BreadcrumbList","@id":"https:\/\/futbolsiete.eu\/wp-content\/uploads\/2015\/10\/18651943111_aaf800909c_b.jpg#breadcrumb","itemListElement":[{"@type":"ListItem","position":1,"name":"Portada","item":"https:\/\/futbolsiete.eu\/en\/football-training-soccer-drills\/"},{"@type":"ListItem","position":2,"name":"Video futbol 7 partido Final Nacional Danone Nations Cup 2015"}]},{"@type":"WebSite","@id":"https:\/\/futbolsiete.eu\/#website","url":"https:\/\/futbolsiete.eu\/","name":"FutbolSiete.eu","description":"Entrenamientos, art\u00edculos y recursos para el entrenador y monitor de f\u00fatbol base. F\u00fatbol y F\u00fatbol 7.","potentialAction":[{"@type":"SearchAction","target":{"@type":"EntryPoint","urlTemplate":"https:\/\/futbolsiete.eu\/?s={search_term_string}"},"query-input":"required name=search_term_string"}],"inLanguage":"en-US"}]}},"description":{"rendered":"<p class=\"attachment\"><a href='https:\/\/futbolsiete.eu\/wp-content\/uploads\/2015\/10\/18651943111_aaf800909c_b.jpg'><img fetchpriority=\"high\" decoding=\"async\" width=\"300\" height=\"200\" src=\"https:\/\/futbolsiete.eu\/wp-content\/uploads\/2015\/10\/18651943111_aaf800909c_b-300x200.jpg\" class=\"attachment-medium size-medium\" alt=\"\" \/><\/a><\/p>\n<p>Video futbol 7 partido Final Nacional Danone Nations Cup 2015<\/p>\n"},"caption":{"rendered":"<p>Video futbol 7 partido Final Nacional Danone Nations Cup 2015<\/p>\n"},"alt_text":"","media_type":"image","mime_type":"image\/jpeg","media_details":{"width":1024,"height":683,"file":"2015\/10\/18651943111_aaf800909c_b.jpg","sizes":{"thumbnail":{"file":"18651943111_aaf800909c_b-150x150.jpg","width":150,"height":150,"ewww_image_optimizer":"Reducido un 8.5% (1,0&nbsp;kB)","mime_type":"image\/jpeg","source_url":"https:\/\/futbolsiete.eu\/wp-content\/uploads\/2015\/10\/18651943111_aaf800909c_b-150x150.jpg"},"medium":{"file":"18651943111_aaf800909c_b-300x200.jpg","width":300,"height":200,"ewww_image_optimizer":"Reducido un 8.8% (2,7&nbsp;kB)","mime_type":"image\/jpeg","source_url":"https:\/\/futbolsiete.eu\/wp-content\/uploads\/2015\/10\/18651943111_aaf800909c_b-300x200.jpg"},"large":{"file":"18651943111_aaf800909c_b-1024x683.jpg","width":1024,"height":683,"ewww_image_optimizer":"Reducido un 9.5% (29,1&nbsp;kB)","mime_type":"image\/jpeg","source_url":"https:\/\/futbolsiete.eu\/wp-content\/uploads\/2015\/10\/18651943111_aaf800909c_b-1024x683.jpg"},"widget":{"file":"18651943111_aaf800909c_b-36x36.jpg","width":36,"height":36,"ewww_image_optimizer":"Reducido un 22.9% (383,0&nbsp;B)","mime_type":"image\/jpeg","source_url":"https:\/\/futbolsiete.eu\/wp-content\/uploads\/2015\/10\/18651943111_aaf800909c_b-36x36.jpg"},"square":{"file":"18651943111_aaf800909c_b-180x180.jpg","width":180,"height":180,"ewww_image_optimizer":"Reducido un 8.8% (1,5&nbsp;kB)","mime_type":"image\/jpeg","source_url":"https:\/\/futbolsiete.eu\/wp-content\/uploads\/2015\/10\/18651943111_aaf800909c_b-180x180.jpg"},"featured":{"file":"18651943111_aaf800909c_b-1024x430.jpg","width":1024,"height":430,"ewww_image_optimizer":"Reducido un 7.4% (15,6&nbsp;kB)","mime_type":"image\/jpeg","source_url":"https:\/\/futbolsiete.eu\/wp-content\/uploads\/2015\/10\/18651943111_aaf800909c_b-1024x430.jpg"},"featured_large":{"file":"18651943111_aaf800909c_b-1024x630.jpg","width":1024,"height":630,"ewww_image_optimizer":"Reducido un 6.7% (19,4&nbsp;kB)","mime_type":"image\/jpeg","source_url":"https:\/\/futbolsiete.eu\/wp-content\/uploads\/2015\/10\/18651943111_aaf800909c_b-1024x630.jpg"},"portfolio":{"file":"18651943111_aaf800909c_b-495x400.jpg","width":495,"height":400,"ewww_image_optimizer":"Reducido un 8.1% (7,1&nbsp;kB)","mime_type":"image\/jpeg","source_url":"https:\/\/futbolsiete.eu\/wp-content\/uploads\/2015\/10\/18651943111_aaf800909c_b-495x400.jpg"},"portfolio_small":{"file":"18651943111_aaf800909c_b-260x185.jpg","width":260,"height":185,"ewww_image_optimizer":"Reducido un 8.9% (2,2&nbsp;kB)","mime_type":"image\/jpeg","source_url":"https:\/\/futbolsiete.eu\/wp-content\/uploads\/2015\/10\/18651943111_aaf800909c_b-260x185.jpg"},"gallery":{"file":"18651943111_aaf800909c_b-845x683.jpg","width":845,"height":683,"ewww_image_optimizer":"Reducido un 6.6% (17,1&nbsp;kB)","mime_type":"image\/jpeg","source_url":"https:\/\/futbolsiete.eu\/wp-content\/uploads\/2015\/10\/18651943111_aaf800909c_b-845x683.jpg"},"magazine":{"file":"18651943111_aaf800909c_b-710x375.jpg","width":710,"height":375,"ewww_image_optimizer":"Reducido un 8.0% (9,5&nbsp;kB)","mime_type":"image\/jpeg","source_url":"https:\/\/futbolsiete.eu\/wp-content\/uploads\/2015\/10\/18651943111_aaf800909c_b-710x375.jpg"},"masonry":{"file":"18651943111_aaf800909c_b-705x470.jpg","width":705,"height":470,"ewww_image_optimizer":"Reducido un 7.8% (11,2&nbsp;kB)","mime_type":"image\/jpeg","source_url":"https:\/\/futbolsiete.eu\/wp-content\/uploads\/2015\/10\/18651943111_aaf800909c_b-705x470.jpg"},"entry_with_sidebar":{"file":"18651943111_aaf800909c_b-845x321.jpg","width":845,"height":321,"ewww_image_optimizer":"Reducido un 8.4% (10,4&nbsp;kB)","mime_type":"image\/jpeg","source_url":"https:\/\/futbolsiete.eu\/wp-content\/uploads\/2015\/10\/18651943111_aaf800909c_b-845x321.jpg"},"entry_without_sidebar":{"file":"18651943111_aaf800909c_b-1024x423.jpg","width":1024,"height":423,"ewww_image_optimizer":"Reducido un 7.5% (15,4&nbsp;kB)","mime_type":"image\/jpeg","source_url":"https:\/\/futbolsiete.eu\/wp-content\/uploads\/2015\/10\/18651943111_aaf800909c_b-1024x423.jpg"},"shop_thumbnail":{"file":"18651943111_aaf800909c_b-120x120.jpg","width":120,"height":120,"ewww_image_optimizer":"Reducido un 8.8% (743,0&nbsp;B)","mime_type":"image\/jpeg","source_url":"https:\/\/futbolsiete.eu\/wp-content\/uploads\/2015\/10\/18651943111_aaf800909c_b-120x120.jpg"},"shop_catalog":{"file":"18651943111_aaf800909c_b-450x450.jpg","width":450,"height":450,"ewww_image_optimizer":"Reducido un 7.7% (6,9&nbsp;kB)","mime_type":"image\/jpeg","source_url":"https:\/\/futbolsiete.eu\/wp-content\/uploads\/2015\/10\/18651943111_aaf800909c_b-450x450.jpg"},"shop_single":{"file":"18651943111_aaf800909c_b-450x300.jpg","width":450,"height":300,"ewww_image_optimizer":"Reducido un 8.4% (5,4&nbsp;kB)","mime_type":"image\/jpeg","source_url":"https:\/\/futbolsiete.eu\/wp-content\/uploads\/2015\/10\/18651943111_aaf800909c_b-450x300.jpg"},"full":{"file":"18651943111_aaf800909c_b.jpg","width":1024,"height":683,"mime_type":"image\/jpeg","source_url":"https:\/\/futbolsiete.eu\/wp-content\/uploads\/2015\/10\/18651943111_aaf800909c_b.jpg"}},"image_meta":{"aperture":0,"credit":"","camera":"","caption":"","created_timestamp":0,"copyright":"","focal_length":0,"iso":0,"shutter_speed":0,"title":"","orientation":0},"ewww_image_optimizer":"Reducido un 4.1% (13,8&nbsp;kB)"},"post":null,"source_url":"https:\/\/futbolsiete.eu\/wp-content\/uploads\/2015\/10\/18651943111_aaf800909c_b.jpg","_links":{"self":[{"href":"https:\/\/futbolsiete.eu\/en\/wp-json\/wp\/v2\/media\/1440"}],"collection":[{"href":"https:\/\/futbolsiete.eu\/en\/wp-json\/wp\/v2\/media"}],"about":[{"href":"https:\/\/futbolsiete.eu\/en\/wp-json\/wp\/v2\/types\/attachment"}],"author":[{"embeddable":true,"href":"https:\/\/futbolsiete.eu\/en\/wp-json\/wp\/v2\/users\/1"}],"replies":[{"embeddable":true,"href":"https:\/\/futbolsiete.eu\/en\/wp-json\/wp\/v2\/comments?post=1440"}]}}

<!-- This site is optimized with the Yoast SEO plugin v23.1 - https://yoast.com/wordpress/plugins/seo/ -->
<title>Video futbol 7 partido Final Nacional Danone Nations Cup 2015 - FutbolSiete.eu</title>
<meta name="robots" content="index, follow, max-snippet:-1, max-image-preview:large, max-video-preview:-1" />
<link rel="canonical" href="https://futbolsiete.eu/wp-content/uploads/2015/10/18651943111_aaf800909c_b.jpg" />
<meta property="og:locale" content="en_US" />
<meta property="og:type" content="article" />
<meta property="og:title" content="Video futbol 7 partido Final Nacional Danone Nations Cup 2015 - FutbolSiete.eu" />
<meta property="og:description" content="Video futbol 7 partido Final Nacional Danone Nations Cup 2015" />
<meta property="og:url" content="https://futbolsiete.eu/wp-content/uploads/2015/10/18651943111_aaf800909c_b.jpg" />
<meta property="og:site_name" content="FutbolSiete.eu" />
<meta property="og:image" content="https://futbolsiete.eu/wp-content/uploads/2015/10/18651943111_aaf800909c_b.jpg" />
	<meta property="og:image:width" content="1024" />
	<meta property="og:image:height" content="683" />
	<meta property="og:image:type" content="image/jpeg" />
<meta name="twitter:card" content="summary_large_image" />
<script type="application/ld+json" class="yoast-schema-graph">{"@context":"https://schema.org","@graph":[{"@type":"WebPage","@id":"https://futbolsiete.eu/wp-content/uploads/2015/10/18651943111_aaf800909c_b.jpg","url":"https://futbolsiete.eu/wp-content/uploads/2015/10/18651943111_aaf800909c_b.jpg","name":"Video futbol 7 partido Final Nacional Danone Nations Cup 2015 - FutbolSiete.eu","isPartOf":{"@id":"https://futbolsiete.eu/#website"},"datePublished":"2015-10-28T15:59:53+00:00","dateModified":"2015-10-28T15:59:53+00:00","breadcrumb":{"@id":"https://futbolsiete.eu/wp-content/uploads/2015/10/18651943111_aaf800909c_b.jpg#breadcrumb"},"inLanguage":"en-US","potentialAction":[{"@type":"ReadAction","target":["https://futbolsiete.eu/wp-content/uploads/2015/10/18651943111_aaf800909c_b.jpg"]}]},{"@type":"BreadcrumbList","@id":"https://futbolsiete.eu/wp-content/uploads/2015/10/18651943111_aaf800909c_b.jpg#breadcrumb","itemListElement":[{"@type":"ListItem","position":1,"name":"Portada","item":"https://futbolsiete.eu/en/football-training-soccer-drills/"},{"@type":"ListItem","position":2,"name":"Video futbol 7 partido Final Nacional Danone Nations Cup 2015"}]},{"@type":"WebSite","@id":"https://futbolsiete.eu/#website","url":"https://futbolsiete.eu/","name":"FutbolSiete.eu","description":"Entrenamientos, artículos y recursos para el entrenador y monitor de fútbol base. Fútbol y Fútbol 7.","potentialAction":[{"@type":"SearchAction","target":{"@type":"EntryPoint","urlTemplate":"https://futbolsiete.eu/?s={search_term_string}"},"query-input":"required name=search_term_string"}],"inLanguage":"en-US"}]}</script>
<!-- / Yoast SEO plugin. -->

Entrenamientos, artículos y recursos para el entrenador y monitor de fútbol base. Fútbol y Fútbol 7.
